2 - 6*d - 11. Give i(-2).
65
Let w(v) = 2*v**3 - 991*v**2 - 24407*v + 7274. Calculate w(519).
8
Let t(o) = o**2 - 493*o + 26198. Give t(61).
-154
Let d(v) = -2*v**2 + 487*v - 22351. What is d(62)?
155
Let y(d) = d**3 - 8*d**2 + 1660*d - 8145. Calculate y(5).
80
Let o(p) = -3*p**2 - 449*p - 14323. Calculate o(-46).
-17
Let m(c) = 2*c**3 + 50*c**2 + 66*c - 76. Determine m(-24).
-508
Let t(b) = b**2 + 562*b + 5676. What is t(-10)?
156
Let m(a) = -320*a**3 - 60*a**2 - 64*a - 3. Determine m(-1).
321
Let d(b) = b**2 + 1764*b + 300444. Determine d(-191).
1
Let s(t) = 72238*t - 1444768. What is s(20)?
-8
Let n(h) = -2*h**3 + 249*h**2 - 124*h - 248. Determine n(124).
-248
Let p(q) = -3578*q - 608270. Determine p(-170).
-10
Let g(h) = 4*h**3 + 17*h**2 - 40*h - 22. Determine g(-6).
-34
Let p(r) = -37*r**2 - 610*r + 9807. Determine p(10).
7
Let s(n) = 154*n - 14546. Determine s(90).
-686
Let h(y) = -59*y**3 + y**2 - 1224*y + 1221. Determine h(1).
-61
Let t(u) = u**3 + 8*u**2 + 15753*u + 141854. Determine t(-9).
-4
Let r(n) = -n**3 - 248*n**2 - 14747*n + 235. Give r(-99).
-161
Let w(j) = -7313*j - 738592. What is w(-101)?
21
Let w(s) = 243*s - 15674. Calculate w(65).
121
Let y(j) = -j**3 - 103*j**2 + 552*j + 24817. Calculate y(-106).
13
Let f(j) = 3*j**2 + 231*j - 4407. What is f(16)?
57
Let w(a) = -a**3 + 12*a**2 - 14*a - 621. What is w(0)?
-621
Let m(p) = -3*p**3 - 33*p**2 + 621*p - 38. What is m(-21)?
151
Let y(t) = 16*t**2 + 2423*t + 259. Give y(-150).
-3191
Let s(q) = -3793*q - 235249. Give s(-62).
-83
Let p(g) = -4*g**3 + 1439*g**2 - 18001*g - 389. Calculate p(13).
1
Let u(g) = -9*g**3 - 113*g**2 - 206*g - 2728. Calculate u(-13).
626
Let c(k) = 2*k**2 + 127*k + 350. Give c(-64).
414
Let u(h) = -6*h**2 + 22*h + 1981. What is u(-17)?
-127
Let i(s) = s**3 - 9*s**2 - 61*s + 496. Determine i(10).
-14
Let j(t) = 6*t**2 + 48*t - 6. Calculate j(-10).
114
Let r(z) = -z**3 + 30*z**2 + 27*z + 183. Calculate r(31).
59
Let a(k) = k**3 - 37*k**2 - 33*k - 284. What is a(39)?
1471
Let m(d) = -d**3 + 82*d**2 + 280*d - 9348. Give m(84).
60
Let g(v) = 7*v + 390. What is g(-63)?
-51
Let r(i) = -84*i**3 + 3*i**2 + 26*i - 26. What is r(1)?
-81
Let m(h) = -25973*h + 181776. What is m(7)?
-35
Let m(x) = 2*x**3 - 448*x**2 + 11*x - 1823. Determine m(224).
641
Let j(o) = 5*o**3 + 74*o**2 + 179*o - 523. What is j(-6)?
-13
Let n(f) = 2369*f - 18880. Give n(8).
72
Let y(k) = 2*k**2 + 146*k - 1167. Give y(-75).
-867
Let d(u) = -u**2 - 26*u + 38240. Calculate d(-209).
-7
Let m(a) = -4*a**3 - 634*a**2 - 1606*a - 7174. Calculate m(-156).
2
Let t(c) = 2935*c**2 - 26414*c - 41. What is t(9)?
-32
Let f(d) = -544*d + 4676. Determine f(9).
-220
Let q(u) = 198*u - 1868. What is q(6)?
-680
Let r(t) = t**3 + 29*t**2 - 102*t - 2344. What is r(-30)?
-184
Let q(v) = v**3 - 88*v**2 + 19*v - 1682. What is q(88)?
-10
Let x(f) = -7824*f + 54821. What is x(7)?
53
Let s(a) = -5770*a + 51825. Calculate s(9).
-105
Let m(t) = -2*t**3 - 2726*t**2 + 3031*t + 413296. Determine m(-1364).
4
Let w(x) = 229*x + 8289. What is w(-36)?
45
Let p(a) = -a**2 + 6375*a + 8000226. Give p(-1074).
0
Let x(c) = 6*c**2 + 3312*c + 180. Calculate x(0).
180
Let l(d) = -3149*d - 110360. What is l(-35)?
-145
Let w(g) = -4*g**3 + 123*g**2 + 2506*g + 28. Give w(-14).
28
Let j(h) = -h**3 + 132*h**2 - 381*h - 2044. What is j(129)?
-1270
Let v(y) = 48757*y - 97515. Give v(2).
-1
Let b(n) = n**3 + 29*n**2 + 198*n - 220. Determine b(-12).
-148
Let o(h) = -5*h**3 + 52*h**2 + 70*h - 542. What is o(10)?
358
Let y(r) = -99*r**2 + 398*r + 540. What is y(5)?
55
Let p(t) = -36*t**2 - 6372*t + 138. What is p(-177)?
138
Let z(y) = y**2 + 15*y - 70314. Calculate z(266).
4432
Let w(u) = 3566*u - 92684. Calculate w(26).
32
Let k(a) = 16244*a - 48489. Determine k(3).
243
Let g(c) = 929*c - 736695. What is g(793)?
2
Let f(i) = 59*i**2 - 896*i - 26726. What is f(-15)?
-11
Let b(w) = -2*w**2 - 845*w - 5820. Determine b(-7).
-3
Let d(v) = 35*v**3 - 331*v**2 + 328*v - 1662. Give d(9).
-6
Let w(d) = -10*d**2 + 666*d - 639. Calculate w(66).
-243
Let r(k) = 92*k**3 + 15*k**2 + 12*k - 46. What is r(2)?
774
Let w(m) = -m**2 + 32*m + 6. Determine w(-7).
-267
Let o(v) = -v**2 - 7097*v - 56691. What is o(-8)?
21
Let j(o) = -o**2 + 128*o - 5897. Give j(125).
-5522
Let q(h) = h**2 + 1792*h - 185198. Determine q(98).
22
Let k(g) = -876*g + 48281. Calculate k(60).
-4279
Let h(f) = f**2 - 51*f - 2597. Determine h(-25).
-697
Let u(x) = -1240*x - 43252. What is u(-35)?
148
Let v(k) = 914*k + 107809. What is v(-118)?
-43
Let d(n) = -422*n - 236480. Calculate d(-562).
684
Let f(m) = -7*m**2 - 519*m - 8244. Give f(-23).
-10
Let f(n) = -4*n**2 - 194*n - 1493. What is f(-39)?
-11
Let g(a) = 2182*a**2 + 8735*a + 32. Calculate g(-4).
4
Let t(b) = 17*b**3 - 203*b**2 - 284*b - 82. Calculate t(-1).
-18
Let q(w) = 5024*w + 115561. Determine q(-23).
9
Let d(b) = -1691*b - 1180. Determine d(-1).
511
Let c(z) = -2*z**3 + 53*z**2 + 10*z + 363. Determine c(27).
-96
Let a(k) = -k**3 - 147*k**2 + 3*k + 1479. What is a(-147)?
1038
Let k(w) = -18*w**3 + 93*w + 191. Give k(-2).
149
Let f(b) = 414*b - 5749. Determine f(14).
47
Let r(q) = 5*q**3 - 4752*q**2 + 99408*q - 4652. Give r(929).
-7
Let p(f) = 5705*f + 1608767. What is p(-282)?
-43
Let d(c) = -c**3 + 95*c**2 - 2308*c + 3750. Calculate d(52).
6
Let n(a) = -a**3 - 46*a**2 - 386*a - 909. Determine n(-36).
27
Let p(d) = -3624*d + 279001. Determine p(77).
-47
Let t(u) = 31781*u + 349599. Calculate t(-11).
8
Let x(s) = -s**2 - 148*s - 5519. Give x(-71).
-52
Let r(l) = -18*l**2 + 7363*l + 6946. Determine r(410).
-24
Let l(q) = -11*q**3 + 297*q**2 + 659*q - 615. Calculate l(29).
-6
Let t(a) = a**3 - 41*a**2 - 36*a - 513. Determine t(42).
-261
Let q(b) = -91*b**2 - 338*b + 76. Give q(-4).
-28
Let x(t) = 8*t**3 + 4*t**2 - 116*t - 241. Calculate x(-2).
-57
Let o(g) = 27*g**2 + 2693*g + 5303. Determine o(-2).
25
Let t(k) = 2*k**2 - 183*k - 4851. What is t(113)?
8
Let o(n) = -39*n**2 - 26609*n - 60531. Determine o(-680).
-11
Let s(g) = g**2 + 8559*g - 162953. Calculate s(19).
29
Let w(c) = 531*c - 4301. Calculate w(8).
-53
Let x(f) = -f**3 + 725*f**2 - 130586*f - 2681. Give x(334).
-9
Let i(p) = -4*p**3 - 479*p**2 + 121*p + 251. What is i(-120)?
131
Let c(i) = -217825*i + 21129023. Calculate c(97).
-2
Let b(x) = 26*x**2 - 11447*x - 8371. Determine b(441).
8
Let i(u) = -u**3 - 12*u**2 - 16717*u - 83414. Determine i(-5).
-4
Let w(c) = -583*c**3 - 7*c**2 - 255*c + 263. Determine w(1).
-582
Let y(w) = 16769*w + 150909. Determine y(-9).
-12
Let f(p) = -p**3 - 97*p**2 + 241*p + 4267. Calculate f(-99).
10
Let t(u) = 3565*u**2 - 60606*u - 1. Calculate t(17).
-18
Let v(w) = -3266*w**2 + 91*w + 93. What is v(-1)?
-3264
Let a(d) = -15*d**2 - 30*d + 672. What is a(11)?
-1473
Let i(o) = -27*o**2 - 58*o - 8. Determine i(1).
-93
Let t(r) = 38*r - 2106. Calculate t(56).
22
Let f(m) = 247510*m + 495020. Give f(-2).
0
Let z(k) = k**2 - 312*k + 24280. Give z(147).
25
Let h(v) = -9*v**3 + 1062*v**2 - 215*v + 25358. Determine h(118).
-12
Let i(a) = 1620*a - 13017. Determine i(8).
-57
Let h(i) = 3*i**3 + 710*i**2 - 268*i - 6664. Determine h(-237).
683
Let i(t) = 152*t - 3586. Calculate i(22).
-242
Let n(h) = 2*h**3 - 25*h**2 - 45*h - 859. Give n(17).
977
Let k(m) = -278*m - 3512. Calculate k(-13).
102
Let a(b) = b**2 - 200*b - 2964. Determine a(-15).
261
Let n(h) = h**2 - 2446*h + 14633. Determine n(6).
-7
Let n(k) = 2*k**2 + 448*k - 135083. Determine n(171).
7
Let j(n) = 19871*n + 139032. What is j(-7)?
-65
Let u(d) = -929*d + 10736. Calculate u(16).
-4128
Let c(u) = 11*u**2 + 75*u + 383. What is c(-8)?
487
Let z(m) = 169757*m - 2. Give z(0).
-2
Let m(g) = g**2 - 287151*g - 1722940. Determine m(-6).
2
Let x(m) = -m**3 - 33*m**2 + 83*m + 153. Determine x(-32).
-3527
Let d(q) = 3*q**2 + 37*q - 2056. What is d(0)?
-2056
Let a(n) = -n**3 + 66*n**2 - 461*n + 40606. Calculate a(68).
10
Let i(b) = -5095*b - 102044. Determine i(-20).
-144
Let f(i) = -i**3 - 41*i**2 + 485*i + 1756. Give f(-50).
6
Let u(v) = -252*v - 31817. Calculate u(-126).
-65
Let s(o) = o**3 + 6*o**2 + 27*o + 5625. Determine s(0).
5625
Let u(m) = 9*m**3 + 1971*m**2 + 9628*m - 442. Give u(-214).
-14
Let h(m) = 1289*m + 45. Determine h(0).
45
Let r(l) = -13948*l - 97448. Calculate r(-7).
188
Let p(t) 